21 - 81 = -q, -u + 3*q = -14. Let a = 537 - u. What are the prime factors of a?
11, 47
Suppose -3*n - b = -13, -14*n + 2*b + 19 = -11*n. What are the prime factors of (-2 - (n + -17))/((-1)/(-4))?
2, 5
Let s = -3709 + 6216. Suppose 3*z - s - 260 = -2*y, -945 = -z + 5*y. List the prime factors of z.
5, 37
What are the prime factors of (26/(-15) + 2 + 4/10)*9036?
2, 3, 251
Suppose -18*d = -156 - 276. Suppose -d*o + 13593 + 16143 = 0. What are the prime factors of o?
3, 7, 59
Suppose u = i + 13, 0 = 2*u - 2*i - 2*i - 36. Suppose -5*q = 2 + u. What are the prime factors of (q/(-4))/((-6)/(-252))?
3, 7
Suppose -15*a + 17690 = -34105. What are the prime factors of a?
3, 1151
Suppose 171*n - 5*d - 59185 = 166*n, 0 = 5*n - 4*d - 59179. What are the prime factors of n?
11831
Let d(f) = -f**2 - 11*f - 2. Suppose -5*n = -v + 5*v - 23, -5*v + 50 = 2*n. Suppose -18 = 2*i - 4*g, 2*g - 7 - v = 3*i. List the prime factors of d(i).
2, 7
Let y(n) be the first derivative of 31*n**2 - 5*n - 13. Let j(s) = -63*s + 5. Let c(z) = 3*j(z) + 4*y(z). List the prime factors of c(2).
113
Suppose -18*r + 15*r = -4*a - 26660, -a + 26665 = 3*r. List the prime factors of r.
2, 11, 101
Let t = 154603 - 1008365. List the prime factors of (-4)/(-34) - t/1547.
2, 3, 23
Suppose 0 = -4*r + 2*r + 32. Suppose 0 = 14*t - r*t + 2. Let j(a) = 30*a**2 - 4*a + 4. What are the prime factors of j(t)?
2, 3, 5
What are the prime factors of (-10748737)/(-361) + (-14)/(-133)?
3, 5, 397
Let b(q) = 3*q**2 - q + 22. Let m be b(-7). List the prime factors of (m/(-20))/1*-45.
2, 3, 11
Let i(x) = -x**3 + 11*x**2 - 10*x + 3. Let p be i(10). Suppose 0*w = p*w - 27. Suppose 2 - 20 = -w*u. What are the prime factors of u?
2
Let x be 1 + -11 - 60/(-15). Let k be (x/(-8))/((-4)/(-528)). Suppose -5*l = 4*a - k - 133, 2*a - 118 = -2*l. List the prime factors of a.
3, 7
Let d = -93 - -71. What are the prime factors of 4*d/(-8)*15?
3, 5, 11
Let b(a) = 9*a**2 + 194*a + 458. List the prime factors of b(53).
3, 12007
Suppose -7*h - 97 = 92. Let d(m) = -8*m - 39. Let u be d(h). Let v = u + -97. List the prime factors of v.
2, 5
What are the prime factors of (1528400/(-4))/(-10)*3/6?
5, 3821
Let d(g) = 13643*g**3 + 196*g - 197. List the prime factors of d(1).
2, 19, 359
Let y(a) = -49*a**2 - 15*a + 112. Let z be y(5). Let c = z + 2236. List the prime factors of c.
2, 131
Let k = 8871 + 3737. What are the prime factors of k?
2, 197
What are the prime factors of ((-400)/30 - -14)*(-34233)/(-2)?
11411
Suppose 0 = q - 3*q + 5*g - 1, q - 4*g + 2 = 0. Suppose -q*k + 56 = -4*b + 6*b, 4 = -2*k. List the prime factors of b.
2, 3, 5
Let l = -317 - -320. Suppose -5*a + 862 = 2*p, -5*a + l*p + p = -886. List the prime factors of a.
2, 3, 29
Suppose 16*t = -2*t + 2286. Suppose -3*h - 5*w + t = 0, 3*h - 3*w - 68 = 43. What are the prime factors of h?
3, 13
Let j(h) = -h**2 + 105. Let k be j(-10). Suppose -3*b + 7*b - 5*r - 3221 = 0, -15 = -k*r. List the prime factors of b.
809
Let w(s) = -s**3 - 5*s**2 + 10*s - 6. Let p be (15/5)/((-9)/36). What are the prime factors of w(p)?
2, 3, 7
Let i(d) = -d**3 + 7*d**2 + 4*d + 1. Let w(o) = -o**3 + 5*o**2 + 7*o - 6. Let t be w(6). Let f be (t + -6)*4/(-6). List the prime factors of i(f).
5, 13
Suppose 5*w = -2*g + 85037, 0*w - 2*w - 5*g + 34019 = 0. List the prime factors of w.
3, 5669
Suppose 0 = 14*q + 8 - 78. List the prime factors of -956*(-4 + -1)/q.
2, 239
Let g(c) = 1004*c**2 + 14*c - 15. List the prime factors of g(-3).
3, 41, 73
Suppose -b + 8 = -j, 3*j + 4 = 2*b + 4*j. Suppose -20*x + 17*x - 1310 = -5*z, -1048 = -4*z + b*x. List the prime factors of z.
2, 131
Let p be 1/((-2)/(-4)) - 1453652/(-62). Suppose -12*g + 36*g = p. What are the prime factors of g?
977
Let h(s) = 5252*s**2 + 15*s - 14. List the prime factors of h(1).
3, 17, 103
List the prime factors of (0 + 4)/((-496)/(-550684)).
4441
Suppose 0 = -5*u - 3*d - 9, -10 = 5*u + 5*d + 5. Suppose t + 4 = u, -4*g + 2967 = -t + 395. List the prime factors of g.
2, 3, 107
Suppose -18*h + 15591 = -237723. List the prime factors of h.
3, 4691
Let b = -570 - -4861. List the prime factors of b.
7, 613
Suppose -342991 = -5*s - 3*k, -4*s - 64*k = -67*k - 274409. What are the prime factors of s?
2, 5, 7
Let q(y) = -1370*y + 2682. What are the prime factors of q(-32)?
2, 7, 3323
Let b(a) = 3*a + 21. Let v be b(11). What are the prime factors of (-2 + -1)*(-4842)/v?
269
Let b = 9850 - 5514. What are the prime factors of b?
2, 271
Suppose 13*s - 241769 + 71209 = 0. List the prime factors of s.
2, 5, 41
Suppose 3*j - 21 = -4*j. Suppose 0 = -2*l - 3*l - j*y + 129, -69 = -3*l + y. What are the prime factors of (7/2)/(12/l)?
7
Suppose -f + 11906 = 4*z, -12*z - 4*f = -13*z + 2968. List the prime factors of z.
2, 3, 31
Suppose 5*h - 60 = 10. Suppose 39*n - 32*n = h. List the prime factors of -2 - (4 + -144 + 4) - n.
2, 3, 11
Suppose 0 = -2*m - 8, 118*d = 123*d + m - 16156. What are the prime factors of d?
2, 101
Suppose -45*b + 9399 = -42*b + 2*r, -4*r + 6274 = 2*b. List the prime factors of b.
31, 101
Suppose 38*n + 3*n = 574. Let h(x) = 5*x**2 + 20*x - 95. What are the prime factors of h(n)?
5, 233
Let c be ((-18)/(-10))/(3 - 308/105). Let h(t) = -t**3 + 28*t**2 + 6*t - 19. What are the prime factors of h(c)?
2, 109
Suppose -2*g + 6*g = 3*n + 38, -4*g = -4*n - 52. Let k(s) = -465 - 3*s - 2*s + 508. What are the prime factors of k(n)?
113
Suppose 18643 = 6*o - 23207 - 43938. What are the prime factors of o?
2, 3, 2383
Suppose 153*i + 842456 - 4657986 - 85664 = 0. List the prime factors of i.
2, 11, 19, 61
Suppose 214*f - 102986 = 188*f. What are the prime factors of f?
17, 233
Suppose -57 = -3*b - 16*b. List the prime factors of 261 + -5 + b + -2.
257
Suppose 0 = -35*d - 63*d + 2048788. What are the prime factors of d?
2, 10453
Let o(p) = -2*p**2 - 33*p + 22. Let z be o(-17). Suppose j - 1404 = -z*j. What are the prime factors of j?
2, 3, 13
Let z = -4273 + 12264. List the prime factors of z.
61, 131
List the prime factors of 15186*(-10)/(-15) + 5/(10/4).
2, 61, 83
Let d be (63/84)/((-3)/(-4)). List the prime factors of -7 - (-33)/d - (0 - -4).
2, 11
Let f be (8 + -3)*(4 + 1). Suppose -3*i - 15 = 0, f + 5 = 3*o + 3*i. Suppose 0 = 2*a - o*a + 1560. List the prime factors of a.
2, 3, 5
Suppose -5*a + 8692 = 4*j, 134*a - 10874 = -5*j + 130*a. Suppose 102*o - 108*o + j = 0. What are the prime factors of o?
3, 11
Let r(y) = -2*y**3 + 92*y**2 + 46*y + 175. List the prime factors of r(43).
13, 1019
Suppose 0 = 6*z - 17 - 343. Suppose 200 = 4*d - 0*d - 4*t, 0 = -d - t + z. Let f = d - 15. What are the prime factors of f?
2, 5
Let o = 45 + -45. Suppose -5*b + 25 = -b + 3*f, 5*b - 4*f - 8 = o. Suppose 4*s = 16, -4*u + s = -b*s - 84. List the prime factors of u.
2, 13
Suppose 170*c = 175*c - 10. Suppose 4*x - 2*s - 1364 = 0, 889 = c*x + 5*s + 219. List the prime factors of x.
2, 5, 17
Suppose 112068 = 2*o - 5*g, -30558 = -o - 2*g + 25458. List the prime factors of o.
2, 47, 149
Let i(g) = g**3 - 13*g**2 - 16*g + 30. Let s be i(14). Let r(l) = 5*l + 0*l**2 + 3 + 14*l**s + 4*l - 2*l**2. List the prime factors of r(3).
2, 3, 23
Suppose -11*s + 95949 = 4*s + 6*s. List the prime factors of s.
3, 1523
Suppose 55*h - 37*h - 7398 = 0. Suppose -12*u + h = -1545. List the prime factors of u.
163
Suppose w - 17*c - 2716 = -12*c, 4*c + 5438 = 2*w. List the prime factors of w.
3, 907
Suppose 0*v + 3*l + 11716 = 5*v, -4*v + 4*l = -9368. List the prime factors of v.
5, 7, 67
Suppose 0 = -107*z + 66415 + 210501. List the prime factors of z.
2, 647
Let c(b) = -25*b + 227. Let h be c(-9). Suppose -2*w - h = -2334. List the prime factors of w.
941
Let q(b) = -b**2 + 18*b + 23. Let y be q(19). Suppose -4*l + 864 = y*h, 5*l = 5*h - 767 - 263. List the prime factors of h.
211
Let w(m) = -16*m + 5*m**2 - 74 - 65 + 49. List the prime factors of w(11).
3, 113
Suppose 5*w - 4*w + r - 6786 = 0, -2*r = 3*w - 20361. What are the prime factors of w?
3, 31, 73
Let h(l) = l**3 - 2*l**2 - 22*l - 8. Let j be h(6). Suppose -j*u - 10*x + 1617 = -9*x, -5*u + 3*x = -2017. List the prime factors of u.
2, 101
Let o be (-10)/(-195)*3 + 10463/13. Suppose 10*c + o = 3*c. Let x = 210 + c. What are the prime factors of x?
5, 19
Suppose -5*s + p + 56658 + 80190 = 0, 3*s - 2*p - 82106 = 0. List 